{"id":272,"date":"2015-07-28T21:20:05","date_gmt":"2015-07-28T19:20:05","guid":{"rendered":"http:\/\/scplaffeien.ch\/?page_id=272"},"modified":"2023-03-30T21:37:30","modified_gmt":"2023-03-30T19:37:30","slug":"organisation","status":"publish","type":"page","link":"https:\/\/www.scplaffeien.ch\/?page_id=272","title":{"rendered":"Organisation"},"content":{"rendered":"<div>\n<table style=\"width: 73.1864%;\" border=\"1\">\n<tbody valign=\"top\">\n<tr bgcolor=\"#4a4d4a\">\n<td style=\"width: 34.4088%;\" width=\"150\"><span style=\"color: #efefef;\">Vorstand<\/span><\/td>\n<td style=\"width: 35.8085%;\" width=\"250\"><span style=\"color: #efefef;\">Name &#8211; Adresse<\/span><\/td>\n<td style=\"width: 27.7489%;\" width=\"250\"><span style=\"color: #efefef;\">Kontakt<\/span><\/td>\n<\/tr>\n<tr>\n<td style=\"width: 34.4088%;\">Pr\u00e4sidentin +Korrespondezadresse<\/td>\n<td style=\"width: 35.8085%;\"><strong>Gaby Br\u00fcgger<\/strong><br \/>\nZelgli 15<br \/>\n1716 Oberschrot<\/td>\n<td style=\"width: 27.7489%;\">gaby_bruegger(at)bluewin.ch<br \/>\n079 549 53 09<\/td>\n<\/tr>\n<tr>\n<td style=\"width: 34.4088%;\">Vize-Pr\u00e4sident<\/td>\n<td style=\"width: 35.8085%;\"><strong>Charles Riedo<\/strong><br \/>\nHauptstrasse 36<br \/>\n1713 St. Antoni<\/td>\n<td style=\"width: 27.7489%;\">charlesriedo(at)bluewin.ch<br \/>\n079 774 91 32<\/td>\n<\/tr>\n<tr>\n<td style=\"width: 34.4088%;\">Kassiererin<\/td>\n<td style=\"width: 35.8085%;\"><strong>Kathrin Linder<\/strong><br \/>\nR\u00fcdeweidweg <span class=\"adr\"><span class=\"street-address\">39<\/span><\/span><br \/>\n1719 Br\u00fcnisried<\/td>\n<td style=\"width: 27.7489%;\">bapst-linder(at)sensemail.ch<br \/>\n079 380 38 22<\/td>\n<\/tr>\n<tr>\n<td style=\"width: 34.4088%;\">Technischer Leiter<\/td>\n<td style=\"width: 35.8085%;\"><em>vakant<\/em><\/td>\n<td style=\"width: 27.7489%;\"><\/td>\n<\/tr>\n<tr>\n<td style=\"width: 34.4088%;\">Tourenleiter<\/td>\n<td style=\"width: 35.8085%;\"><em>vakant<\/em><\/td>\n<td style=\"width: 27.7489%;\"><\/td>\n<\/tr>\n<tr>\n<td style=\"width: 34.4088%;\">JO-Leiter<\/td>\n<td style=\"width: 35.8085%;\"><em>vakant<\/em><\/td>\n<td style=\"width: 27.7489%;\"><em>Wir f\u00fchren keine JO mehr<br \/>\n<\/em><\/td>\n<\/tr>\n<tr>\n<td style=\"width: 34.4088%;\">Sekret\u00e4r<\/td>\n<td style=\"width: 35.8085%;\"><strong>Bruno L\u00f6tscher<\/strong><br \/>\nChromenstrasse 16<br \/>\n1716 Plaffeien<\/td>\n<td style=\"width: 27.7489%;\">Bruno_loetscher(at)bluewin.ch<br \/>\n079 345 67 99<\/td>\n<\/tr>\n<tr>\n<td style=\"width: 34.4088%;\">Beisitzer<\/td>\n<td style=\"width: 35.8085%;\"><em>vakant<\/em><\/td>\n<td style=\"width: 27.7489%;\"><\/td>\n<\/tr>\n<\/tbody>\n<\/table>\n<\/div>\n<div>\n<table style=\"width: 650px;\" border=\"1\">\n<tbody valign=\"top\">\n<tr bgcolor=\"#4a4d4a\">\n<td width=\"150\"><span style=\"color: #efefef;\">Andere<\/span><\/td>\n<td width=\"250\"><span style=\"color: #efefef;\">Name &#8211; Adresse<\/span><\/td>\n<td width=\"250\"><span style=\"color: #efefef;\">Kontakt<\/span><\/td>\n<\/tr>\n<tr>\n<td>Webmaster<\/td>\n<td>Roland Rappo<br \/>\nRoute du Moulin 10<br \/>\n1782 Formangueires<\/td>\n<td>webmaster(at)scplaffeien.ch<\/td>\n<\/tr>\n<\/tbody>\n<\/table>\n<\/div>\n<div>\n<p>Bitte f\u00fcr alle administrativen Angelegenheiten (Adress\u00e4nderungen, Fragen, usw) Mail an: <strong>info(at)scplaffeien.ch<\/strong><\/p>\n<p>Interessiert an einem offenen Posten? Mail an: <strong>info(at)scplaffeien.ch<\/strong>!<\/p>\n<\/div>\n","protected":false},"excerpt":{"rendered":"<p>Vorstand Name &#8211; Adresse Kontakt Pr\u00e4sidentin +Korrespondezadresse Gaby Br\u00fcgger Zelgli 15 1716 Oberschrot gaby_bruegger(at)bluewin.ch 079 549 53 09 Vize-Pr\u00e4sident Charles Riedo Hauptstrasse 36 1713 St. &hellip; <\/p>\n","protected":false},"author":2,"featured_media":0,"parent":0,"menu_order":0,"comment_status":"open","ping_status":"open","template":"","meta":{"ngg_post_thumbnail":0,"footnotes":""},"class_list":["post-272","page","type-page","status-publish","hentry"],"_links":{"self":[{"href":"https:\/\/www.scplaffeien.ch\/index.php?rest_route=\/wp\/v2\/pages\/272","targetHints":{"allow":["GET"]}}],"collection":[{"href":"https:\/\/www.scplaffeien.ch\/index.php?rest_route=\/wp\/v2\/pages"}],"about":[{"href":"https:\/\/www.scplaffeien.ch\/index.php?rest_route=\/wp\/v2\/types\/page"}],"author":[{"embeddable":true,"href":"https:\/\/www.scplaffeien.ch\/index.php?rest_route=\/wp\/v2\/users\/2"}],"replies":[{"embeddable":true,"href":"https:\/\/www.scplaffeien.ch\/index.php?rest_route=%2Fwp%2Fv2%2Fcomments&post=272"}],"version-history":[{"count":13,"href":"https:\/\/www.scplaffeien.ch\/index.php?rest_route=\/wp\/v2\/pages\/272\/revisions"}],"predecessor-version":[{"id":6107,"href":"https:\/\/www.scplaffeien.ch\/index.php?rest_route=\/wp\/v2\/pages\/272\/revisions\/6107"}],"wp:attachment":[{"href":"https:\/\/www.scplaffeien.ch\/index.php?rest_route=%2Fwp%2Fv2%2Fmedia&parent=272"}],"curies":[{"name":"wp","href":"https:\/\/api.w.org\/{rel}","templated":true}]}}