{"id":294,"date":"2015-07-29T20:25:02","date_gmt":"2015-07-29T18:25:02","guid":{"rendered":"http:\/\/scplaffeien.ch\/?page_id=294"},"modified":"2019-12-02T16:42:09","modified_gmt":"2019-12-02T15:42:09","slug":"club","status":"publish","type":"page","link":"https:\/\/www.scplaffeien.ch\/?page_id=294","title":{"rendered":"Club"},"content":{"rendered":"<p><a href=\"http:\/\/scplaffeien.ch\/?page_id=272\">Geschichte<\/a><\/p>\n<p><a href=\"http:\/\/scplaffeien.ch\/?page_id=272\">Organisation<\/a><\/p>\n<p><img loading=\"lazy\" decoding=\"async\" class=\"alignnone wp-image-23 \" src=\"http:\/\/scplaffeien.ch\/wp-content\/uploads\/2009\/08\/Club.jpg\" alt=\"Club\" width=\"654\" height=\"496\"><\/p>\n\n\n<div style=\"position:absolute; left: -9999px;\">\nUne question plut\u00f4t r\u00e9thorique puisque g\u00e9n\u00e9ralement les deux possibilit\u00e9s sont tranch\u00e9es &#8211; il y a les joueurs que seul le jeu int\u00e9resse, et il y a ceux pour qui l&#8217;argent repr\u00e9sente un d\u00e9fi en soi. C\u2019est sans aucun doute une fa\u00e7on tr\u00e8s agr\u00e9able de vivre cette aventure virtuelle le plus intens\u00e9mment, avec le m\u00eame plaisir que dans <a href=\"https:\/\/topcasinosuisse.com\/machines-a-sous-en-argent-reel\/\">machine a sous en ligne argent reel<\/a> vous trouverez la liste des meilleurs sites de poker en ligne suisse. Cette liste a \u00e9t\u00e9 concoct\u00e9e par nos r\u00e9dacteurs, qui sont aussi des joueurs de poker en ligne exp\u00e9riment\u00e9s et qui disposent d&#8217;une vaste connaissance des diff\u00e9rentes rooms du march\u00e9 depuis les d\u00e9buts du poker en ligne. Avec des centaines d&#8217;heures de jeu sur tous les plus grands sites de poker, ils connaissent ainsi tous les param\u00e8tres n\u00e9cessaires \u00e0 l&#8217;\u00e9tablissement d&#8217;un classement coh\u00e9rent. Et tout \u00e7a dans un seul but : pour que vous puissiez jouer sur LE meilleur site de poker !\n<\/div>\n\n","protected":false},"excerpt":{"rendered":"<p>Geschichte Organisation Une question plut\u00f4t r\u00e9thorique puisque g\u00e9n\u00e9ralement les deux possibilit\u00e9s sont tranch\u00e9es &#8211; il y a les joueurs que seul le jeu int\u00e9resse, et &hellip; <\/p>\n","protected":false},"author":2,"featured_media":0,"parent":0,"menu_order":0,"comment_status":"open","ping_status":"open","template":"","meta":{"ngg_post_thumbnail":0,"footnotes":""},"class_list":["post-294","page","type-page","status-publish","hentry"],"_links":{"self":[{"href":"https:\/\/www.scplaffeien.ch\/index.php?rest_route=\/wp\/v2\/pages\/294","targetHints":{"allow":["GET"]}}],"collection":[{"href":"https:\/\/www.scplaffeien.ch\/index.php?rest_route=\/wp\/v2\/pages"}],"about":[{"href":"https:\/\/www.scplaffeien.ch\/index.php?rest_route=\/wp\/v2\/types\/page"}],"author":[{"embeddable":true,"href":"https:\/\/www.scplaffeien.ch\/index.php?rest_route=\/wp\/v2\/users\/2"}],"replies":[{"embeddable":true,"href":"https:\/\/www.scplaffeien.ch\/index.php?rest_route=%2Fwp%2Fv2%2Fcomments&post=294"}],"version-history":[{"count":0,"href":"https:\/\/www.scplaffeien.ch\/index.php?rest_route=\/wp\/v2\/pages\/294\/revisions"}],"wp:attachment":[{"href":"https:\/\/www.scplaffeien.ch\/index.php?rest_route=%2Fwp%2Fv2%2Fmedia&parent=294"}],"curies":[{"name":"wp","href":"https:\/\/api.w.org\/{rel}","templated":true}]}}